{"id":36,"date":"2022-12-19T02:31:56","date_gmt":"2022-12-19T02:31:56","guid":{"rendered":"https:\/\/gaviaspreview.com\/wp\/modins\/?page_id=36"},"modified":"2025-06-15T02:12:59","modified_gmt":"2025-06-15T01:12:59","slug":"le-mot-de-la-presidente","status":"publish","type":"page","link":"https:\/\/opsycours.org\/index.php\/le-mot-de-la-presidente\/","title":{"rendered":"Notre ligne directrice"},"content":{"rendered":"\t\t<div data-elementor-type=\"wp-page\" data-elementor-id=\"36\" class=\"elementor elementor-36\">\n\t\t\t\t\t\t<section class=\"elementor-section elementor-top-section elementor-element elementor-element-f957045 elementor-section-boxed elementor-section-height-default elementor-section-height-default\" data-id=\"f957045\" data-element_type=\"section\" data-settings=\"{&quot;background_background&quot;:&quot;slideshow&quot;,&quot;background_slideshow_gallery&quot;:[{&quot;id&quot;:1079,&quot;url&quot;:&quot;https:\\\/\\\/opsycours.org\\\/wp-content\\\/uploads\\\/2023\\\/01\\\/WhatsApp-Image-2024-03-27-at-1.35.09-PM.jpeg&quot;},{&quot;id&quot;:1080,&quot;url&quot;:&quot;https:\\\/\\\/opsycours.org\\\/wp-content\\\/uploads\\\/2023\\\/01\\\/WhatsApp-Image-2024-03-27-at-1.35.08-PM.jpeg&quot;}],&quot;background_slideshow_ken_burns&quot;:&quot;yes&quot;,&quot;background_slideshow_loop&quot;:&quot;yes&quot;,&quot;background_slideshow_slide_duration&quot;:5000,&quot;background_slideshow_slide_transition&quot;:&quot;fade&quot;,&quot;background_slideshow_transition_duration&quot;:500,&quot;background_slideshow_ken_burns_zoom_direction&quot;:&quot;in&quot;}\">\n\t\t\t\t\t\t<div class=\"elementor-container elementor-column-gap-default\">\n\t\t\t\t\t<div class=\"elementor-column elementor-col-100 elementor-top-column elementor-element elementor-element-fc7f227\" data-id=\"fc7f227\" data-element_type=\"column\">\n\t\t\t<div class=\"elementor-widget-wrap elementor-element-populated\">\n\t\t\t\t\t\t<div class=\"elementor-element elementor-element-b221e56 elementor-widget elementor-widget-gva-heading-block\" data-id=\"b221e56\" data-element_type=\"widget\" data-widget_type=\"gva-heading-block.default\">\n\t\t\t\t<div class=\"elementor-widget-container\">\n\t\t\t\t\t<div class=\"gva-element-gva-heading-block gva-element\">   <div class=\"align-left style-1 widget gsc-heading box-align-left auto-responsive\">\r\n      <div class=\"content-inner\">\r\n         \r\n                  \r\n           \r\n         \r\n                     <h2 class=\"title\">\r\n               <span>Notre vision strat\u00e9gique et nos engagements fondateurs<\/span>\r\n            <\/h2>\r\n                  \r\n                     <div class=\"title-desc\">Une vision, un cap, des actes<\/div>\r\n         \r\n         \r\n      <\/div>\r\n   <\/div>\r\n<\/div>\t\t\t\t<\/div>\n\t\t\t\t<\/div>\n\t\t\t\t\t<\/div>\n\t\t<\/div>\n\t\t\t\t\t<\/div>\n\t\t<\/section>\n\t\t\t\t<section class=\"elementor-section elementor-top-section elementor-element elementor-element-efc596d elementor-section-boxed elementor-section-height-default elementor-section-height-default\" data-id=\"efc596d\" data-element_type=\"section\">\n\t\t\t\t\t\t<div class=\"elementor-container elementor-column-gap-default\">\n\t\t\t\t\t<div class=\"elementor-column elementor-col-50 elementor-top-column elementor-element elementor-element-a545ee2\" data-id=\"a545ee2\" data-element_type=\"column\">\n\t\t\t<div class=\"elementor-widget-wrap elementor-element-populated\">\n\t\t\t\t\t\t<div class=\"elementor-element elementor-element-fb8d3d1 elementor-widget elementor-widget-text-editor\" data-id=\"fb8d3d1\" data-element_type=\"widget\" data-widget_type=\"text-editor.default\">\n\t\t\t\t<div class=\"elementor-widget-container\">\n\t\t\t\t\t\t\t\t\t<h3><strong data-start=\"586\" data-end=\"678\">Construire une r\u00e9ponse solide, humaine et durable \u00e0 l\u2019urgence psychologique au Cameroun.<\/strong><\/h3><p data-start=\"586\" data-end=\"749\">C\u2019est autour de cette vision fondatrice qu\u2019est n\u00e9 OPSYCOURS en 2020.<\/p><p data-start=\"751\" data-end=\"1150\">Alors que les crises\u00a0 (qu\u2019elles soient naturelles, sociales ou arm\u00e9es) fragilisent profond\u00e9ment l\u2019\u00e9quilibre mental des individus et des communaut\u00e9s, il \u00e9tait temps d\u2019agir. Agir autrement. Agir ensemble.<br data-start=\"954\" data-end=\"957\" \/>Notre ambition : structurer une r\u00e9ponse professionnelle, coordonn\u00e9e et \u00e9thique, pour que <strong data-start=\"1046\" data-end=\"1119\">plus jamais la d\u00e9tresse psychologique ne soit rel\u00e9gu\u00e9e au second plan<\/strong> dans les situations d\u2019urgence.<\/p><h3 data-start=\"1157\" data-end=\"1219\">\ud83d\udd37 Une initiative pens\u00e9e avec m\u00e9thode, ancr\u00e9e dans le r\u00e9el<\/h3><p data-start=\"1221\" data-end=\"1533\">Pendant plus d\u2019un an, une \u00e9quipe interdisciplinaire de psychologues, psychiatres, travailleurs sociaux, \u00e9tudiants et experts humanitaires a b\u00e2ti les fondations d\u2019OPSYCOURS.<br data-start=\"1393\" data-end=\"1396\" \/>Ce travail d\u2019analyse, de veille et de consultation a permis de faire \u00e9merger une feuille de route claire, r\u00e9aliste, et porteuse d\u2019impact.<\/p><p data-start=\"1535\" data-end=\"1598\">Nous avons ainsi d\u00e9fini les <strong data-start=\"1563\" data-end=\"1596\">piliers strat\u00e9giques suivants<\/strong> :<\/p><ul data-start=\"1600\" data-end=\"2318\"><li data-start=\"1600\" data-end=\"1727\"><p data-start=\"1602\" data-end=\"1727\">\ud83d\udee0\ufe0f <strong data-start=\"1606\" data-end=\"1629\">Intervention rapide<\/strong> en cas de crise ou de catastrophe (post-attentats, conflits arm\u00e9s, d\u00e9placements de population\u2026)<\/p><\/li><li data-start=\"1728\" data-end=\"1825\"><p data-start=\"1730\" data-end=\"1825\">\ud83e\udde0 <strong data-start=\"1733\" data-end=\"1796\">Cr\u00e9ation et encadrement de cellules d\u2019urgence psychologique<\/strong>, disponibles \u00e0 tout moment<\/p><\/li><li data-start=\"1826\" data-end=\"1934\"><p data-start=\"1828\" data-end=\"1934\">\ud83c\udfeb <strong data-start=\"1831\" data-end=\"1892\">Mise en place de centres de formation et d\u2019accompagnement<\/strong>, pour renforcer les comp\u00e9tences locales<\/p><\/li><li data-start=\"1935\" data-end=\"2011\"><p data-start=\"1937\" data-end=\"2011\">\ud83d\udd2c <strong data-start=\"1940\" data-end=\"1982\">D\u00e9veloppement de la recherche clinique<\/strong> en psychologie humanitaire<\/p><\/li><li data-start=\"2012\" data-end=\"2097\"><p data-start=\"2014\" data-end=\"2097\">\ud83d\udc65 <strong data-start=\"2017\" data-end=\"2042\">Supervision technique<\/strong>, <strong data-start=\"2044\" data-end=\"2069\">stages professionnels<\/strong>, <strong data-start=\"2071\" data-end=\"2095\">formations continues<\/strong><\/p><\/li><li data-start=\"2098\" data-end=\"2168\"><p data-start=\"2100\" data-end=\"2168\">\ud83c\udf0d <strong data-start=\"2103\" data-end=\"2130\">\u00c9changes internationaux<\/strong>, partenariats universitaires et ONG<\/p><\/li><li data-start=\"2169\" data-end=\"2241\"><p data-start=\"2171\" data-end=\"2241\">\ud83d\udcca <strong data-start=\"2174\" data-end=\"2239\">Montage et pilotage de projets de sant\u00e9 mentale communautaire<\/strong><\/p><\/li><li data-start=\"2242\" data-end=\"2318\"><p data-start=\"2244\" data-end=\"2318\">\ud83c\udf93 <strong data-start=\"2247\" data-end=\"2318\">Organisation de s\u00e9minaires, colloques et conf\u00e9rences de haut niveau<\/strong><\/p><\/li><\/ul>\t\t\t\t\t\t\t\t<\/div>\n\t\t\t\t<\/div>\n\t\t\t\t\t<\/div>\n\t\t<\/div>\n\t\t\t\t<div class=\"elementor-column elementor-col-50 elementor-top-column elementor-element elementor-element-4a54e69\" data-id=\"4a54e69\" data-element_type=\"column\">\n\t\t\t<div class=\"elementor-widget-wrap elementor-element-populated\">\n\t\t\t\t\t\t<div class=\"elementor-element elementor-element-dd467c7 elementor-widget elementor-widget-text-editor\" data-id=\"dd467c7\" data-element_type=\"widget\" data-widget_type=\"text-editor.default\">\n\t\t\t\t<div class=\"elementor-widget-container\">\n\t\t\t\t\t\t\t\t\t<h3 data-start=\"2325\" data-end=\"2382\">\ud83d\udd37 Une dynamique collective au service du bien commun<\/h3><p data-start=\"2384\" data-end=\"2644\">Nous ne construisons pas une structure de plus.<br data-start=\"2431\" data-end=\"2434\" \/>Nous b\u00e2tissons un <strong data-start=\"2452\" data-end=\"2484\">r\u00e9seau de solidarit\u00e9 mentale<\/strong> \u00e0 visage humain. Une communaut\u00e9 de praticiens, chercheurs, jeunes engag\u00e9s et alli\u00e9s institutionnels qui croient que la sant\u00e9 mentale est un droit, pas un luxe.<\/p><p data-start=\"2646\" data-end=\"2882\">Notre d\u00e9marche se veut r\u00e9solument inclusive, rigoureuse et respectueuse des sp\u00e9cificit\u00e9s locales.<br data-start=\"2743\" data-end=\"2746\" \/>Nous nous engageons \u00e0 <strong data-start=\"2768\" data-end=\"2811\">travailler avec et pour les communaut\u00e9s<\/strong>, dans le respect des cultures, des temporalit\u00e9s et des vuln\u00e9rabilit\u00e9s.<\/p><h3 data-start=\"2889\" data-end=\"2940\">\ud83d\udd37 Des moyens mobilis\u00e9s, des r\u00e9sultats visibles<\/h3><p data-start=\"2942\" data-end=\"3284\">Depuis nos d\u00e9buts, nous avons investi nos propres ressources, tout en mobilisant le soutien de partenaires institutionnels et de m\u00e9c\u00e8nes sensibles \u00e0 notre cause.<br data-start=\"3103\" data-end=\"3106\" \/>Les r\u00e9sultats parlent d\u2019eux-m\u00eames : <strong data-start=\"3142\" data-end=\"3169\">formations certifiantes<\/strong>, <strong data-start=\"3171\" data-end=\"3206\">interventions de crise r\u00e9ussies<\/strong>, <strong data-start=\"3208\" data-end=\"3242\">\u00e9quipe op\u00e9rationnelle d\u00e9ploy\u00e9e<\/strong>, <strong data-start=\"3244\" data-end=\"3283\">reconnaissance nationale croissante<\/strong>.<\/p><p data-start=\"3286\" data-end=\"3506\">Mais le d\u00e9fi reste immense.<br data-start=\"3313\" data-end=\"3316\" \/>C\u2019est pourquoi <strong data-start=\"3331\" data-end=\"3370\">les ann\u00e9es \u00e0 venir seront d\u00e9cisives<\/strong>. OPSYCOURS a besoin de vous \u2013 partenaires, institutions, b\u00e9n\u00e9voles \u2013 pour consolider, \u00e9tendre et p\u00e9renniser ce que nous avons commenc\u00e9.<\/p><h3 data-start=\"3513\" data-end=\"3546\">\ud83d\ude4f Merci pour votre confiance<\/h3><p data-start=\"3548\" data-end=\"3864\">\u00c0 celles et ceux qui nous accompagnent depuis les premiers jours, \u00e0 ceux qui nous rejoignent aujourd\u2019hui, \u00e0 ceux qui soutiennent dans l\u2019ombre : <strong data-start=\"3692\" data-end=\"3701\">merci<\/strong>.<br data-start=\"3702\" data-end=\"3705\" \/>Merci de croire en une sant\u00e9 mentale solidaire, \u00e9thique et ancr\u00e9e dans les r\u00e9alit\u00e9s africaines.<br data-start=\"3800\" data-end=\"3803\" \/>Merci de faire partie de cette course&#8230; <strong data-start=\"3844\" data-end=\"3863\">vers le secours<\/strong>.<\/p><p data-start=\"3548\" data-end=\"3864\">\u00a0<\/p><p data-start=\"3548\" data-end=\"3864\"><em data-start=\"3870\" data-end=\"3895\"><b>Membres Fondateurs<\/b><\/em><\/p>\t\t\t\t\t\t\t\t<\/div>\n\t\t\t\t<\/div>\n\t\t\t\t\t<\/div>\n\t\t<\/div>\n\t\t\t\t\t<\/div>\n\t\t<\/section>\n\t\t\t\t<\/div>\n\t\t","protected":false},"excerpt":{"rendered":"<p>Notre vision strat\u00e9gique et nos engagements fondateurs Une vision, un cap, des actes Construire une r\u00e9ponse solide, humaine et durable \u00e0 l\u2019urgence psychologique au Cameroun. C\u2019est autour de cette vision [&hellip;]<\/p>\n","protected":false},"author":1,"featured_media":0,"parent":0,"menu_order":0,"comment_status":"closed","ping_status":"closed","template":"","meta":{"om_disable_all_campaigns":false,"_monsterinsights_skip_tracking":false,"_monsterinsights_sitenote_active":false,"_monsterinsights_sitenote_note":"","_monsterinsights_sitenote_category":0,"_uf_show_specific_survey":0,"_uf_disable_surveys":false,"footnotes":""},"class_list":["post-36","page","type-page","status-publish","hentry"],"aioseo_notices":[],"_links":{"self":[{"href":"https:\/\/opsycours.org\/index.php\/wp-json\/wp\/v2\/pages\/36","targetHints":{"allow":["GET"]}}],"collection":[{"href":"https:\/\/opsycours.org\/index.php\/wp-json\/wp\/v2\/pages"}],"about":[{"href":"https:\/\/opsycours.org\/index.php\/wp-json\/wp\/v2\/types\/page"}],"author":[{"embeddable":true,"href":"https:\/\/opsycours.org\/index.php\/wp-json\/wp\/v2\/users\/1"}],"replies":[{"embeddable":true,"href":"https:\/\/opsycours.org\/index.php\/wp-json\/wp\/v2\/comments?post=36"}],"version-history":[{"count":14,"href":"https:\/\/opsycours.org\/index.php\/wp-json\/wp\/v2\/pages\/36\/revisions"}],"predecessor-version":[{"id":1328,"href":"https:\/\/opsycours.org\/index.php\/wp-json\/wp\/v2\/pages\/36\/revisions\/1328"}],"wp:attachment":[{"href":"https:\/\/opsycours.org\/index.php\/wp-json\/wp\/v2\/media?parent=36"}],"curies":[{"name":"wp","href":"https:\/\/api.w.org\/{rel}","templated":true}]}}