{"id":33,"date":"2022-12-19T02:31:25","date_gmt":"2022-12-19T02:31:25","guid":{"rendered":"https:\/\/gaviaspreview.com\/wp\/modins\/?page_id=33"},"modified":"2024-03-20T17:43:48","modified_gmt":"2024-03-20T16:43:48","slug":"nos-actions","status":"publish","type":"page","link":"https:\/\/opsycours.org\/index.php\/nos-actions\/","title":{"rendered":"Nos actions"},"content":{"rendered":"\t\t<div data-elementor-type=\"wp-page\" data-elementor-id=\"33\" class=\"elementor elementor-33\">\n\t\t\t\t\t\t<section class=\"elementor-section elementor-top-section elementor-element elementor-element-2fee724 elementor-section-boxed elementor-section-height-default elementor-section-height-default\" data-id=\"2fee724\" data-element_type=\"section\" data-settings=\"{&quot;background_background&quot;:&quot;slideshow&quot;,&quot;background_slideshow_gallery&quot;:[{&quot;id&quot;:177,&quot;url&quot;:&quot;https:\\\/\\\/gaviaspreview.com\\\/wp\\\/modins\\\/wp-content\\\/uploads\\\/2023\\\/01\\\/breadcrumb-01.jpg&quot;},{&quot;id&quot;:178,&quot;url&quot;:&quot;https:\\\/\\\/gaviaspreview.com\\\/wp\\\/modins\\\/wp-content\\\/uploads\\\/2023\\\/01\\\/breadcrumb-02.jpg&quot;}],&quot;background_slideshow_ken_burns&quot;:&quot;yes&quot;,&quot;background_slideshow_loop&quot;:&quot;yes&quot;,&quot;background_slideshow_slide_duration&quot;:5000,&quot;background_slideshow_slide_transition&quot;:&quot;fade&quot;,&quot;background_slideshow_transition_duration&quot;:500,&quot;background_slideshow_ken_burns_zoom_direction&quot;:&quot;in&quot;}\">\n\t\t\t\t\t\t<div class=\"elementor-container elementor-column-gap-default\">\n\t\t\t\t\t<div class=\"elementor-column elementor-col-100 elementor-top-column elementor-element elementor-element-c7f3372\" data-id=\"c7f3372\" data-element_type=\"column\">\n\t\t\t<div class=\"elementor-widget-wrap elementor-element-populated\">\n\t\t\t\t\t\t<div class=\"elementor-element elementor-element-0b1d17c elementor-widget elementor-widget-gva-heading-block\" data-id=\"0b1d17c\" data-element_type=\"widget\" data-widget_type=\"gva-heading-block.default\">\n\t\t\t\t<div class=\"elementor-widget-container\">\n\t\t\t\t\t<div class=\"gva-element-gva-heading-block gva-element\">   <div class=\"align-left style-1 widget gsc-heading box-align-left auto-responsive\">\r\n      <div class=\"content-inner\">\r\n         \r\n                  \r\n           \r\n         \r\n                     <h2 class=\"title\">\r\n               <span>Nos diff\u00e9rentes actions sociales<\/span>\r\n            <\/h2>\r\n                  \r\n         \r\n         \r\n      <\/div>\r\n   <\/div>\r\n<\/div>\t\t\t\t<\/div>\n\t\t\t\t<\/div>\n\t\t\t\t\t<\/div>\n\t\t<\/div>\n\t\t\t\t\t<\/div>\n\t\t<\/section>\n\t\t\t\t<section class=\"elementor-section elementor-top-section elementor-element elementor-element-c782f68 elementor-section-boxed elementor-section-height-default elementor-section-height-default\" data-id=\"c782f68\" data-element_type=\"section\">\n\t\t\t\t\t\t<div class=\"elementor-container elementor-column-gap-default\">\n\t\t\t\t\t<div class=\"elementor-column elementor-col-100 elementor-top-column elementor-element elementor-element-513a951\" data-id=\"513a951\" data-element_type=\"column\">\n\t\t\t<div class=\"elementor-widget-wrap elementor-element-populated\">\n\t\t\t\t\t\t<div class=\"elementor-element elementor-element-a14e804 elementor-widget elementor-widget-gva-events\" data-id=\"a14e804\" data-element_type=\"widget\" data-widget_type=\"gva-events.default\">\n\t\t\t\t<div class=\"elementor-widget-container\">\n\t\t\t\t\t<div class=\"gva-element-gva-events gva-element\">  \r\n  \t<div class=\"event-layout-list clearfix\">\r\n\t\t<div class=\"gva-content-items\"> \r\n\t\t\t<div class=\"event-list-item\">\n<div class=\"tribe-event-list-block clearfix\">\n\t<div class=\"tribe-event-left\">\n\t\t<div class=\"content-inner\">\n\t\t\t\t\t\t<div class=\"tribe-start-date\">\n\t\t\t\t<div class=\"day\">01<\/div>\n\t\t\t\t<div class=\"month\">F\u00e9v<\/div>\n\t\t\t<\/div>\n\t\t\t\t\t<\/div>\t\n\t<\/div>\n\n\t<div class=\"tribe-event-right clearfix\">\n\t\t<div class=\"content-inner\">\n\t\t\t\n\t\t\t<!-- Event Meta -->\n\t\t\t<div class=\"tribe-events-event-meta\">\n\t\t\t\t<div class=\"author  location\">\n\n\t\t\t\t\t<!-- Schedule & Recurrence Details -->\n\t\t\t\t\t<span class=\"tribe-event-schedule-details\">\n\t\t\t\t\t\t<span class=\"icon\"><i class=\"far fa-clock\"><\/i><\/span><span class=\"tribe-event-date-start\">f\u00e9vrier 1, 2024 @ 0h00<\/span> - <span class=\"tribe-event-date-end\">ao\u00fbt 23, 2024 @ 19h00<\/span>\t\t\t\t\t<\/span>\n\n\t\t\t\t\t\t\t\t\t\t\t<!-- Venue Display Info -->\n\t\t\t\t\t\t<span class=\"tribe-events-venue-details\">\n\t\t\t\t\t\t\t<span class=\"icon\"><i class=\"fas fa-map-marker-alt\"><\/i><\/span>\n\t\t\t\t\t\t\t\n\nMaroua\n\t\n\t\t\n\t\tMaroua,\n\n\n\n\tCameroun\n\n\n<a class=\"tribe-events-gmap\" href=\"https:\/\/maps.google.com\/maps?f=q&#038;source=s_q&#038;hl=en&#038;geocode=&#038;q=Maroua+Maroua+Cameroun\" title=\"Cliquez pour voir une carte Google Map\" target=\"_blank\" rel=\"noreferrer noopener\">+ Google Map<\/a>\t\t\t\t\t\t<\/span> \n\t\t\t\t\t\n\t\t\t\t<\/div>\n\t\t\t<\/div>\n\n\t\t\t<!-- Event Title -->\n\t\t\t<h3 class=\"tribe-events-list-event-title\">\n\t\t\t\t<a class=\"tribe-event-url\" href=\"https:\/\/opsycours.org\/index.php\/event\/notre-premier-catalogue\/\" title=\"Notre Premier Catalogue\" rel=\"bookmark\">\n\t\t\t\t\tNotre Premier Catalogue\t\t\t\t<\/a>\n\t\t\t<\/h3>\n\n\t\t\t<!-- Event Content -->\n\t\t\t<div class=\"entry-summary\">\n\t\t\t\t\ud83c\udf1f D\u00e9couvrez notre premier catalogue de formation Alliance de Solidaire ! \ud83c\udf1f En ces temps de crise, la sant\u00e9 mentale\t\t\t<\/div>\n\n\t\t\t<\/div>\n\n\t\t\t<div class=\"event-action\">\n\t\t\t\t<a class=\"btn-theme\" href=\"https:\/\/opsycours.org\/index.php\/event\/notre-premier-catalogue\/\"><span>Voir plus<\/span><\/a>\n\t\t\t<\/div>\n\t<\/div>\n<\/div><\/div><div class=\"event-list-item\">\n<div class=\"tribe-event-list-block clearfix\">\n\t<div class=\"tribe-event-left\">\n\t\t<div class=\"content-inner\">\n\t\t\t<div class=\"tribe-events-event-image\"><a href=\"https:\/\/opsycours.org\/index.php\/event\/architecture-club-meetup\/\" tabindex=\"-1\"><img fetchpriority=\"high\" decoding=\"async\" width=\"500\" height=\"400\" src=\"https:\/\/opsycours.org\/wp-content\/uploads\/2024\/03\/WhatsApp-Image-2024-03-06-at-5.59.17-PM-500x400.jpeg\" class=\"attachment-post-thumbnail size-post-thumbnail wp-post-image\" alt=\"\" \/><\/a><\/div>\t\t\t<div class=\"tribe-start-date\">\n\t\t\t\t<div class=\"day\">08<\/div>\n\t\t\t\t<div class=\"month\">Sep<\/div>\n\t\t\t<\/div>\n\t\t\t\t\t<\/div>\t\n\t<\/div>\n\n\t<div class=\"tribe-event-right clearfix\">\n\t\t<div class=\"content-inner\">\n\t\t\t\n\t\t\t<!-- Event Meta -->\n\t\t\t<div class=\"tribe-events-event-meta\">\n\t\t\t\t<div class=\"author  location\">\n\n\t\t\t\t\t<!-- Schedule & Recurrence Details -->\n\t\t\t\t\t<span class=\"tribe-event-schedule-details\">\n\t\t\t\t\t\t<span class=\"icon\"><i class=\"far fa-clock\"><\/i><\/span><span class=\"tribe-event-date-start\">septembre 8, 2023 @ 8h00<\/span> - <span class=\"tribe-event-time\">17h00<\/span>\t\t\t\t\t<\/span>\n\n\t\t\t\t\t\t\t\t\t\t\t<!-- Venue Display Info -->\n\t\t\t\t\t\t<span class=\"tribe-events-venue-details\">\n\t\t\t\t\t\t\t<span class=\"icon\"><i class=\"fas fa-map-marker-alt\"><\/i><\/span>\n\t\t\t\t\t\t\t\n\nMaroua\n\t\n\t\t\n\t\tMaroua,\n\n\n\n\tCameroun\n\n\n<a class=\"tribe-events-gmap\" href=\"https:\/\/maps.google.com\/maps?f=q&#038;source=s_q&#038;hl=en&#038;geocode=&#038;q=Maroua+Maroua+Cameroun\" title=\"Cliquez pour voir une carte Google Map\" target=\"_blank\" rel=\"noreferrer noopener\">+ Google Map<\/a>\t\t\t\t\t\t<\/span> \n\t\t\t\t\t\n\t\t\t\t<\/div>\n\t\t\t<\/div>\n\n\t\t\t<!-- Event Title -->\n\t\t\t<h3 class=\"tribe-events-list-event-title\">\n\t\t\t\t<a class=\"tribe-event-url\" href=\"https:\/\/opsycours.org\/index.php\/event\/architecture-club-meetup\/\" title=\"Sensibilisation sur l&#8217;hygi\u00e8ne mentale \u00e0 l&#8217;h\u00f4pital r\u00e9gional de Maroua \u00e0 l&#8217;occasion de la semaine mondiale de la sant\u00e9 mentale\" rel=\"bookmark\">\n\t\t\t\t\tSensibilisation sur l&#8217;hygi\u00e8ne mentale \u00e0 l&#8217;h\u00f4pital r\u00e9gional de Maroua \u00e0 l&#8217;occasion de la semaine mondiale de la sant\u00e9 mentale\t\t\t\t<\/a>\n\t\t\t<\/h3>\n\n\t\t\t<!-- Event Content -->\n\t\t\t<div class=\"entry-summary\">\n\t\t\t\t\t\t\t<\/div>\n\n\t\t\t<\/div>\n\n\t\t\t<div class=\"event-action\">\n\t\t\t\t<a class=\"btn-theme\" href=\"https:\/\/opsycours.org\/index.php\/event\/architecture-club-meetup\/\"><span>Voir plus<\/span><\/a>\n\t\t\t<\/div>\n\t<\/div>\n<\/div><\/div><div class=\"event-list-item\">\n<div class=\"tribe-event-list-block clearfix\">\n\t<div class=\"tribe-event-left\">\n\t\t<div class=\"content-inner\">\n\t\t\t<div class=\"tribe-events-event-image\"><a href=\"https:\/\/opsycours.org\/index.php\/event\/festival-of-architecture-and-interior\/\" tabindex=\"-1\"><img decoding=\"async\" width=\"500\" height=\"400\" src=\"https:\/\/opsycours.org\/wp-content\/uploads\/2023\/01\/WhatsApp-Image-2024-03-27-at-1.35.08-PM-500x400.jpeg\" class=\"attachment-post-thumbnail size-post-thumbnail wp-post-image\" alt=\"\" \/><\/a><\/div>\t\t\t<div class=\"tribe-start-date\">\n\t\t\t\t<div class=\"day\">06<\/div>\n\t\t\t\t<div class=\"month\">Nov<\/div>\n\t\t\t<\/div>\n\t\t\t\t\t<\/div>\t\n\t<\/div>\n\n\t<div class=\"tribe-event-right clearfix\">\n\t\t<div class=\"content-inner\">\n\t\t\t\n\t\t\t<!-- Event Meta -->\n\t\t\t<div class=\"tribe-events-event-meta\">\n\t\t\t\t<div class=\"author  location\">\n\n\t\t\t\t\t<!-- Schedule & Recurrence Details -->\n\t\t\t\t\t<span class=\"tribe-event-schedule-details\">\n\t\t\t\t\t\t<span class=\"icon\"><i class=\"far fa-clock\"><\/i><\/span><span class=\"tribe-event-date-start\">novembre 6, 2023 @ 8h00<\/span> - <span class=\"tribe-event-date-end\">novembre 10, 2023 @ 17h00<\/span>\t\t\t\t\t<\/span>\n\n\t\t\t\t\t\t\t\t\t\t\t<!-- Venue Display Info -->\n\t\t\t\t\t\t<span class=\"tribe-events-venue-details\">\n\t\t\t\t\t\t\t<span class=\"icon\"><i class=\"fas fa-map-marker-alt\"><\/i><\/span>\n\t\t\t\t\t\t\t\n\n\n\tBebambo\u00e9,\n\n\n\n\tCameroun\n\n\n<a class=\"tribe-events-gmap\" href=\"https:\/\/maps.google.com\/maps?f=q&#038;source=s_q&#038;hl=en&#038;geocode=&#038;q=Bebambo%C3%A9+Cameroun\" title=\"Cliquez pour voir une carte Google Map\" target=\"_blank\" rel=\"noreferrer noopener\">+ Google Map<\/a>\t\t\t\t\t\t<\/span> \n\t\t\t\t\t\n\t\t\t\t<\/div>\n\t\t\t<\/div>\n\n\t\t\t<!-- Event Title -->\n\t\t\t<h3 class=\"tribe-events-list-event-title\">\n\t\t\t\t<a class=\"tribe-event-url\" href=\"https:\/\/opsycours.org\/index.php\/event\/festival-of-architecture-and-interior\/\" title=\"Renforcement des capacit\u00e9s des professionnels de Sant\u00e9 mentale sur la gestion des crises micros et macros en interventions d&#8217;urgences psychologiques\" rel=\"bookmark\">\n\t\t\t\t\tRenforcement des capacit\u00e9s des professionnels de Sant\u00e9 mentale sur la gestion des crises micros et macros en interventions d&#8217;urgences psychologiques\t\t\t\t<\/a>\n\t\t\t<\/h3>\n\n\t\t\t<!-- Event Content -->\n\t\t\t<div class=\"entry-summary\">\n\t\t\t\tC&#8217;\u00e9tait la troisi\u00e8me phase de formation sur les interventions d&#8217;urgences psychologiques qui a d\u00e9but\u00e9 en 2021. Cette formation a \u00e9t\u00e9\t\t\t<\/div>\n\n\t\t\t<\/div>\n\n\t\t\t<div class=\"event-action\">\n\t\t\t\t<a class=\"btn-theme\" href=\"https:\/\/opsycours.org\/index.php\/event\/festival-of-architecture-and-interior\/\"><span>Voir plus<\/span><\/a>\n\t\t\t<\/div>\n\t<\/div>\n<\/div><\/div><div class=\"event-list-item\">\n<div class=\"tribe-event-list-block clearfix\">\n\t<div class=\"tribe-event-left\">\n\t\t<div class=\"content-inner\">\n\t\t\t<div class=\"tribe-events-event-image\"><a href=\"https:\/\/opsycours.org\/index.php\/event\/designing-club-culture\/\" tabindex=\"-1\"><img decoding=\"async\" width=\"480\" height=\"400\" src=\"https:\/\/opsycours.org\/wp-content\/uploads\/2024\/03\/WhatsApp-Image-2024-03-06-at-8.40.17-AM-480x400.jpeg\" class=\"attachment-post-thumbnail size-post-thumbnail wp-post-image\" alt=\"\" \/><\/a><\/div>\t\t\t<div class=\"tribe-start-date\">\n\t\t\t\t<div class=\"day\">11<\/div>\n\t\t\t\t<div class=\"month\">Ao\u00fbt<\/div>\n\t\t\t<\/div>\n\t\t\t\t\t<\/div>\t\n\t<\/div>\n\n\t<div class=\"tribe-event-right clearfix\">\n\t\t<div class=\"content-inner\">\n\t\t\t\n\t\t\t<!-- Event Meta -->\n\t\t\t<div class=\"tribe-events-event-meta\">\n\t\t\t\t<div class=\"author  location\">\n\n\t\t\t\t\t<!-- Schedule & Recurrence Details -->\n\t\t\t\t\t<span class=\"tribe-event-schedule-details\">\n\t\t\t\t\t\t<span class=\"icon\"><i class=\"far fa-clock\"><\/i><\/span><span class=\"tribe-event-date-start\">ao\u00fbt 11, 2023 @ 8h00<\/span> - <span class=\"tribe-event-time\">17h00<\/span>\t\t\t\t\t<\/span>\n\n\t\t\t\t\t\t\t\t\t\t\t<!-- Venue Display Info -->\n\t\t\t\t\t\t<span class=\"tribe-events-venue-details\">\n\t\t\t\t\t\t\t<span class=\"icon\"><i class=\"fas fa-map-marker-alt\"><\/i><\/span>\n\t\t\t\t\t\t\t\n\nMouda\n\t\n\t\t\n\t\tExtr\u00eame Nord,\n\n\n\n\tCameroun\n\n\n<a class=\"tribe-events-gmap\" href=\"https:\/\/maps.google.com\/maps?f=q&#038;source=s_q&#038;hl=en&#038;geocode=&#038;q=Mouda+Extr%C3%AAme+Nord+Cameroun\" title=\"Cliquez pour voir une carte Google Map\" target=\"_blank\" rel=\"noreferrer noopener\">+ Google Map<\/a>\t\t\t\t\t\t<\/span> \n\t\t\t\t\t\n\t\t\t\t<\/div>\n\t\t\t<\/div>\n\n\t\t\t<!-- Event Title -->\n\t\t\t<h3 class=\"tribe-events-list-event-title\">\n\t\t\t\t<a class=\"tribe-event-url\" href=\"https:\/\/opsycours.org\/index.php\/event\/designing-club-culture\/\" title=\"Visite de la Fondation de Mouda \u00e0 l&#8217;extr\u00eame.\" rel=\"bookmark\">\n\t\t\t\t\tVisite de la Fondation de Mouda \u00e0 l&#8217;extr\u00eame.\t\t\t\t<\/a>\n\t\t\t<\/h3>\n\n\t\t\t<!-- Event Content -->\n\t\t\t<div class=\"entry-summary\">\n\t\t\t\t\t\t\t<\/div>\n\n\t\t\t<\/div>\n\n\t\t\t<div class=\"event-action\">\n\t\t\t\t<a class=\"btn-theme\" href=\"https:\/\/opsycours.org\/index.php\/event\/designing-club-culture\/\"><span>Voir plus<\/span><\/a>\n\t\t\t<\/div>\n\t<\/div>\n<\/div><\/div><div class=\"event-list-item\">\n<div class=\"tribe-event-list-block clearfix\">\n\t<div class=\"tribe-event-left\">\n\t\t<div class=\"content-inner\">\n\t\t\t<div class=\"tribe-events-event-image\"><a href=\"https:\/\/opsycours.org\/index.php\/event\/international-architecture-2023\/\" tabindex=\"-1\"><img loading=\"lazy\" decoding=\"async\" width=\"500\" height=\"400\" src=\"https:\/\/opsycours.org\/wp-content\/uploads\/2024\/03\/WhatsApp-Image-2024-03-06-at-8.48.20-AM-500x400.jpeg\" class=\"attachment-post-thumbnail size-post-thumbnail wp-post-image\" alt=\"\" \/><\/a><\/div>\t\t\t<div class=\"tribe-start-date\">\n\t\t\t\t<div class=\"day\">11<\/div>\n\t\t\t\t<div class=\"month\">Sep<\/div>\n\t\t\t<\/div>\n\t\t\t\t\t<\/div>\t\n\t<\/div>\n\n\t<div class=\"tribe-event-right clearfix\">\n\t\t<div class=\"content-inner\">\n\t\t\t\n\t\t\t<!-- Event Meta -->\n\t\t\t<div class=\"tribe-events-event-meta\">\n\t\t\t\t<div class=\"author  location\">\n\n\t\t\t\t\t<!-- Schedule & Recurrence Details -->\n\t\t\t\t\t<span class=\"tribe-event-schedule-details\">\n\t\t\t\t\t\t<span class=\"icon\"><i class=\"far fa-clock\"><\/i><\/span><span class=\"tribe-event-date-start\">septembre 11, 2023 @ 8h00<\/span> - <span class=\"tribe-event-time\">17h00<\/span>\t\t\t\t\t<\/span>\n\n\t\t\t\t\t\t\t\t\t\t\t<!-- Venue Display Info -->\n\t\t\t\t\t\t<span class=\"tribe-events-venue-details\">\n\t\t\t\t\t\t\t<span class=\"icon\"><i class=\"fas fa-map-marker-alt\"><\/i><\/span>\n\t\t\t\t\t\t\t\n\nMoud\n\t\n\n\n\n\tCameroun\n\n\n<a class=\"tribe-events-gmap\" href=\"https:\/\/maps.google.com\/maps?f=q&#038;source=s_q&#038;hl=en&#038;geocode=&#038;q=Moud+Cameroun\" title=\"Cliquez pour voir une carte Google Map\" target=\"_blank\" rel=\"noreferrer noopener\">+ Google Map<\/a>\t\t\t\t\t\t<\/span> \n\t\t\t\t\t\n\t\t\t\t<\/div>\n\t\t\t<\/div>\n\n\t\t\t<!-- Event Title -->\n\t\t\t<h3 class=\"tribe-events-list-event-title\">\n\t\t\t\t<a class=\"tribe-event-url\" href=\"https:\/\/opsycours.org\/index.php\/event\/international-architecture-2023\/\" title=\"Journ\u00e9e internationale de la sant\u00e9 mentale\" rel=\"bookmark\">\n\t\t\t\t\tJourn\u00e9e internationale de la sant\u00e9 mentale\t\t\t\t<\/a>\n\t\t\t<\/h3>\n\n\t\t\t<!-- Event Content -->\n\t\t\t<div class=\"entry-summary\">\n\t\t\t\t\t\t\t<\/div>\n\n\t\t\t<\/div>\n\n\t\t\t<div class=\"event-action\">\n\t\t\t\t<a class=\"btn-theme\" href=\"https:\/\/opsycours.org\/index.php\/event\/international-architecture-2023\/\"><span>Voir plus<\/span><\/a>\n\t\t\t<\/div>\n\t<\/div>\n<\/div><\/div>\t\t<\/div>\r\n        \t<\/div>\r\n  <\/div>\t\t\t\t<\/div>\n\t\t\t\t<\/div>\n\t\t\t\t\t<\/div>\n\t\t<\/div>\n\t\t\t\t\t<\/div>\n\t\t<\/section>\n\t\t\t\t<\/div>\n\t\t","protected":false},"excerpt":{"rendered":"<p>Nos diff\u00e9rentes actions sociales 08 Sep septembre 8, 2023 @ 8h00 &#8211; 17h00 Moud Cameroun + Google Map Architecture Club meetup Sed ut perspiciatis unde omnis iste natus error sit [&hellip;]<\/p>\n","protected":false},"author":1,"featured_media":0,"parent":0,"menu_order":0,"comment_status":"closed","ping_status":"closed","template":"","meta":{"om_disable_all_campaigns":false,"_monsterinsights_skip_tracking":false,"_monsterinsights_sitenote_active":false,"_monsterinsights_sitenote_note":"","_monsterinsights_sitenote_category":0,"_uf_show_specific_survey":0,"_uf_disable_surveys":false,"footnotes":""},"class_list":["post-33","page","type-page","status-publish","hentry","cat_seminars"],"aioseo_notices":[],"_links":{"self":[{"href":"https:\/\/opsycours.org\/index.php\/wp-json\/wp\/v2\/pages\/33","targetHints":{"allow":["GET"]}}],"collection":[{"href":"https:\/\/opsycours.org\/index.php\/wp-json\/wp\/v2\/pages"}],"about":[{"href":"https:\/\/opsycours.org\/index.php\/wp-json\/wp\/v2\/types\/page"}],"author":[{"embeddable":true,"href":"https:\/\/opsycours.org\/index.php\/wp-json\/wp\/v2\/users\/1"}],"replies":[{"embeddable":true,"href":"https:\/\/opsycours.org\/index.php\/wp-json\/wp\/v2\/comments?post=33"}],"version-history":[{"count":13,"href":"https:\/\/opsycours.org\/index.php\/wp-json\/wp\/v2\/pages\/33\/revisions"}],"predecessor-version":[{"id":916,"href":"https:\/\/opsycours.org\/index.php\/wp-json\/wp\/v2\/pages\/33\/revisions\/916"}],"wp:attachment":[{"href":"https:\/\/opsycours.org\/index.php\/wp-json\/wp\/v2\/media?parent=33"}],"curies":[{"name":"wp","href":"https:\/\/api.w.org\/{rel}","templated":true}]}}