{"id":1821,"date":"2025-06-19T18:13:14","date_gmt":"2025-06-19T17:13:14","guid":{"rendered":"https:\/\/opsycours.org\/?page_id=1821"},"modified":"2025-06-19T18:14:19","modified_gmt":"2025-06-19T17:14:19","slug":"mentions-legales","status":"publish","type":"page","link":"https:\/\/opsycours.org\/index.php\/mentions-legales\/","title":{"rendered":"Mentions l\u00e9gales"},"content":{"rendered":"\t\t<div data-elementor-type=\"wp-page\" data-elementor-id=\"1821\" class=\"elementor elementor-1821\">\n\t\t\t\t\t\t<section class=\"elementor-section elementor-top-section elementor-element elementor-element-e233cbb elementor-section-boxed elementor-section-height-default elementor-section-height-default\" data-id=\"e233cbb\" data-element_type=\"section\">\n\t\t\t\t\t\t<div class=\"elementor-container elementor-column-gap-default\">\n\t\t\t\t\t<div class=\"elementor-column elementor-col-100 elementor-top-column elementor-element elementor-element-c4fc816\" data-id=\"c4fc816\" data-element_type=\"column\">\n\t\t\t<div class=\"elementor-widget-wrap elementor-element-populated\">\n\t\t\t\t\t\t<div class=\"elementor-element elementor-element-495f8de elementor-widget elementor-widget-html\" data-id=\"495f8de\" data-element_type=\"widget\" data-widget_type=\"html.default\">\n\t\t\t\t<div class=\"elementor-widget-container\">\n\t\t\t\t\t<section style=\"font-family: Arial, sans-serif; padding: 40px; background-color: #f7f7f7; color: #222;\">\r\n  <div style=\"max-width: 900px; margin: auto; background: white; padding: 30px; border-radius: 10px; box-shadow: 0 2px 8px rgba(0,0,0,0.1);\">\r\n    <h1 style=\"color: #006699; text-align: center; font-size: 32px;\">Mentions l\u00e9gales<\/h1>\r\n    <hr style=\"border: none; height: 2px; background: #006699; margin: 20px 0;\">\r\n\r\n    <h2 style=\"color: #333;\">Informations g\u00e9n\u00e9rales<\/h2>\r\n    <p><strong>Nom de l\u2019association :<\/strong> OPSYCOURS (Au secours \u2013 Oh Psy Court !)<\/p>\r\n    <p><strong>Statut :<\/strong> Association de sant\u00e9 mentale et soutien psychosocial, \u00e0 but non lucratif.<\/p>\r\n    <p><strong>Adresse :<\/strong> Maroua \u2013 Cameroun<\/p>\r\n    <p><strong>R\u00e9c\u00e9piss\u00e9 de d\u00e9claration :<\/strong> n\u00b0 001\/RDDA\/K44\/SASC du 25 janvier 2021 \u2013 Pr\u00e9fecture du Mayo-Sava.<\/p>\r\n    <p><strong>Email de contact :<\/strong> <a href=\"mailto:opsycours@gmail.com\">opsycours@gmail.com<\/a><\/p>\r\n    <p><strong>Site web :<\/strong> <a href=\"https:\/\/opsycours.org\">www.opsycours.org<\/a><\/p>\r\n\r\n    <h2 style=\"color: #333;\">Responsabilit\u00e9<\/h2>\r\n    <p>Les informations diffus\u00e9es sur ce site sont r\u00e9guli\u00e8rement mises \u00e0 jour, mais OPSYCOURS ne saurait \u00eatre tenue responsable d\u2019\u00e9ventuelles erreurs ou omissions.<\/p>\r\n    <p>Les contenus sont fournis \u00e0 titre informatif. Ils ne remplacent en aucun cas un avis ou un accompagnement professionnel personnalis\u00e9.<\/p>\r\n\r\n    <h2 style=\"color: #333;\">Propri\u00e9t\u00e9 intellectuelle<\/h2>\r\n    <p>Le contenu du site (textes, logos, images, vid\u00e9os, documents t\u00e9l\u00e9chargeables) est la propri\u00e9t\u00e9 exclusive de l\u2019association OPSYCOURS sauf mention contraire.<\/p>\r\n    <p>Toute reproduction, repr\u00e9sentation ou exploitation, m\u00eame partielle, est interdite sans autorisation \u00e9crite pr\u00e9alable.<\/p>\r\n\r\n    <h2 style=\"color: #333;\">Protection des donn\u00e9es<\/h2>\r\n    <p>Les donn\u00e9es personnelles recueillies via les formulaires ou dons sont utilis\u00e9es uniquement par OPSYCOURS, dans le strict respect de la confidentialit\u00e9. Aucune donn\u00e9e n\u2019est transmise \u00e0 des tiers sans consentement explicite.<\/p>\r\n    <p>Conform\u00e9ment \u00e0 la loi, vous pouvez demander \u00e0 acc\u00e9der, corriger ou supprimer vos informations en \u00e9crivant \u00e0 <a href=\"mailto:opsycours@gmail.com\">opsycours@gmail.com<\/a>.<\/p>\r\n\r\n    <h2 style=\"color: #333;\">H\u00e9bergement<\/h2>\r\n    <p>Le site est h\u00e9berg\u00e9 par un prestataire professionnel s\u00e9curis\u00e9 dont les coordonn\u00e9es peuvent \u00eatre fournies sur demande.<\/p>\r\n\r\n    <h2 style=\"color: #333;\">Modification des mentions<\/h2>\r\n    <p>Ces mentions l\u00e9gales peuvent \u00eatre modifi\u00e9es \u00e0 tout moment. La version en ligne fait foi.<\/p>\r\n\r\n    <hr style=\"margin: 40px 0; border: none; height: 1px; background-color: #ccc;\">\r\n    <p style=\"text-align: center; font-size: 14px;\">\u00a9 OPSYCOURS \u2013 Tous droits r\u00e9serv\u00e9s | Z\u00e9ro \u00e9tiquette en sant\u00e9 mentale.<\/p>\r\n  <\/div>\r\n<\/section>\r\n\t\t\t\t<\/div>\n\t\t\t\t<\/div>\n\t\t\t\t\t<\/div>\n\t\t<\/div>\n\t\t\t\t\t<\/div>\n\t\t<\/section>\n\t\t\t\t<\/div>\n\t\t","protected":false},"excerpt":{"rendered":"<p>Mentions l\u00e9gales Informations g\u00e9n\u00e9rales Nom de l\u2019association : OPSYCOURS (Au secours \u2013 Oh Psy Court !) Statut : Association de sant\u00e9 mentale et soutien psychosocial, \u00e0 but non lucratif. Adresse [&hellip;]<\/p>\n","protected":false},"author":1,"featured_media":0,"parent":0,"menu_order":0,"comment_status":"closed","ping_status":"closed","template":"","meta":{"om_disable_all_campaigns":false,"_monsterinsights_skip_tracking":false,"_monsterinsights_sitenote_active":false,"_monsterinsights_sitenote_note":"","_monsterinsights_sitenote_category":0,"_uf_show_specific_survey":0,"_uf_disable_surveys":false,"footnotes":""},"class_list":["post-1821","page","type-page","status-publish","hentry"],"aioseo_notices":[],"_links":{"self":[{"href":"https:\/\/opsycours.org\/index.php\/wp-json\/wp\/v2\/pages\/1821","targetHints":{"allow":["GET"]}}],"collection":[{"href":"https:\/\/opsycours.org\/index.php\/wp-json\/wp\/v2\/pages"}],"about":[{"href":"https:\/\/opsycours.org\/index.php\/wp-json\/wp\/v2\/types\/page"}],"author":[{"embeddable":true,"href":"https:\/\/opsycours.org\/index.php\/wp-json\/wp\/v2\/users\/1"}],"replies":[{"embeddable":true,"href":"https:\/\/opsycours.org\/index.php\/wp-json\/wp\/v2\/comments?post=1821"}],"version-history":[{"count":4,"href":"https:\/\/opsycours.org\/index.php\/wp-json\/wp\/v2\/pages\/1821\/revisions"}],"predecessor-version":[{"id":1825,"href":"https:\/\/opsycours.org\/index.php\/wp-json\/wp\/v2\/pages\/1821\/revisions\/1825"}],"wp:attachment":[{"href":"https:\/\/opsycours.org\/index.php\/wp-json\/wp\/v2\/media?parent=1821"}],"curies":[{"name":"wp","href":"https:\/\/api.w.org\/{rel}","templated":true}]}}